, what is 4 + -883387?
-883383
In base 6, what is -33120 - 1?
-33121
In base 7, what is 1522460 - 4?
1522453
In base 11, what is -34 + 52?
19
In base 11, what is 457 - 1638?
-1191
In base 14, what is 1 - -3759?
375a
In base 12, what is 233 + 2106?
2339
In base 12, what is 3 + -6bb766?
-6bb763
In base 8, what is 614 + 1045?
1661
In base 11, what is 14552 - 0?
14552
In base 2, what is 1010010111 + -1000011010?
1111101
In base 11, what is -2 - -172a67?
172a65
In base 6, what is -3010 - 113?
-3123
In base 15, what is -253 - -9?
-249
In base 16, what is 79c5 - -e?
79d3
In base 10, what is 1448754 + 1?
1448755
In base 9, what is 24361 - 4?
24356
In base 12, what is 3b + -a056?
-a017
In base 11, what is 89 + 1107?
1195
In base 6, what is -114340 + -1?
-114341
In base 11, what is 0 + 4308?
4308
In base 8, what is -30565 + -1?
-30566
In base 13, what is 7c06 + -8?
7bcb
In base 7, what is -314 + 34541?
34224
In base 14, what is -27 - 11d80?
-11da7
In base 12, what is -35ab + 11?
-359a
In base 15, what is -48 + b26?
acd
In base 10, what is 0 - 26797?
-26797
In base 2, what is 11011010111 + -111110111?
10011100000
In base 6, what is -112 - -15320?
15204
In base 8, what is 1 + 715247?
715250
In base 11, what is 6 - -32133?
32139
In base 13, what is 110 + -178?
-68
In base 10, what is 2976 + 120?
3096
In base 5, what is -1 - -123413010?
123413004
In base 13, what is a - 19285b?
-192851
In base 8, what is 4 - -440105?
440111
In base 11, what is 269 + 28a1?
305a
In base 7, what is -5 + 1262514?
1262506
In base 4, what is 211 - 13332?
-13121
In base 7, what is -54 - 4045?
-4132
In base 7, what is -245 - -3053?
2505
In base 11, what is -36 - 2110?
-2146
In base 7, what is 33 + 130512?
130545
In base 9, what is 1420 - -33?
1453
In base 16, what is -a + -8f2?
-8fc
In base 3, what is -1 + 1012011?
1012010
In base 9, what is 166 + 1324?
1501
In base 2, what is -1100101010111 - -1?
-1100101010110
In base 10, what is 3 + -286102?
-286099
In base 9, what is 152 + 316?
468
In base 11, what is -1082 - 2aa?
-1381
In base 9, what is 2 - 632500?
-632487
In base 13, what is 4c89 - -a?
4c96
In base 16, what is -1d6 - -b5?
-121
In base 9, what is -10 - 27864?
-27874
In base 2, what is -10100 + -11000?
-101100
In base 9, what is -28 - -13233?
13204
In base 5, what is -1 - 222322?
-222323
In base 11, what is 4 + -48a9?
-48a5
In base 16, what is a + 432d?
4337
In base 6, what is 4130425 - 4?
4130421
In base 2, what is 1101101001100010 + -1110?
1101101001010100
In base 11, what is 2 - -32141?
32143
In base 12, what is 4 - -46076?
4607a
In base 10, what is 30 - 8411?
-8381
In base 15, what is 236 + -11ae?
-e78
In base 2, what is -1011010000000011 + -111?
-1011010000001010
In base 6, what is 4350155 + -2?
4350153
In base 15, what is 5 - -160e?
1614
In base 14, what is 3b + 30da?
3137
In base 2, what is -11 + 100101101010111100?
100101101010111001
In base 10, what is -4 + 76598?
76594
In base 11, what is -1594a + 14?
-15936
In base 7, what is 5 - 416624?
-416616
In base 14, what is 18 - -6d8b?
6da5
In base 6, what is -1240 - 1124?
-2404
In base 16, what is -1e6 - -f?
-1d7
In base 13, what is 427bc + -3?
427b9
In base 4, what is -11 - -1323120302?
1323120231
In base 8, what is 3235 - -42?
3277
In base 11, what is -236 + 271?
36
In base 8, what is -1 - -143204?
143203
In base 12, what is -1 - -12678?
12677
In base 13, what is -42 + -1712?
-1754
In base 8, what is 56 - 2350?
-2272
In base 15, what is -7bdd - 0?
-7bdd
In base 6, what is 2323 + -13352?
-11025
In base 5, what is 2003301 + -4?
2003242
In base 7, what is 41010 - -114?
41124
In base 15, what is -1138e3 - 3?
-1138e6
In base 4, what is 0 - -1121010?
1121010
In base 9, what is -16013 - 37?
-16051
In base 7, what is -13435 + 6?
-13426
In base 14, what is 2 + 60a6?
60a8
In base 6, what is -101 - -4432?
4331
In base 15, what is 180 + 1b5d?
1cdd
In base 15, what is 3896 + -29?
386c
In base 15, what is -381 + 1c?
-364
In base 3, what is -112121101 - 12?
-112121120
In base 8, what is -6621 + 1?
-6620
In base 6, what is -10100524 + -2?
-10100530
In base 14, what is b02dc - 6?
b02d6
In base 6, what is 12454 + -1322?
11132
In base 8, what is 17465 + -3?
17462
In base 3, what is 10000211200 - -10210?
10000222110
In base 3, what is 20101 + -122201?
-102100
In base 10, what is -4 + 32160?
32156
In base 8, what is -5 - 310150?
-310155
In base 15, what is 74d4 + 6?
74da
In base 7, what is -2 + 24022?
24020
In base 15, what is -a + -1b24?
-1b2e
In base 9, what is -4788 + -1026?
-5825
In base 13, what is 1b4 - 19a2?
-17bb
In base 5, what is 222 - 1041?
-314
In base 15, what is 4 + 2a3a4?
2a3a8
In base 7, what is 643 - 24?
616
In base 6, what is -403 + 1143?
340
In base 3, what is 111101200 + 122?
111102022
In base 3, what is -202201001 + 0?
-202201001
In base 12, what is 98 - 18?
80
In base 3, what is 12 - -2122102210?
2122102222
In base 12, what is 3 + 213969?
213970
In base 16, what is -10 + 11b?
10b
In base 14, what is 11342 - -7?
11349
In base 9, what is 2637 - 107?
2530
In base 10, what is -4 - -128230?
128226
In base 9, what is -3 + 284342?
284338
In base 14, what is -615 + 2b?
-5c8
In base 5, what is -11401231 - 3?
-11401234
In base 16, what is 4 + -14ecd?
-14ec9
In base 13, what is 6 + -3740?
-3737
In base 2, what is -101 - 11101100110111?
-11101100111100
In base 8, what is 16 - -2623?
2641
In base 4, what is -111 - 131313?
-132030
In base 6, what is 3 - -25001502?
25001505
In base 2, what is 10000 - 11000001000011011?
-11000001000001011
In base 14, what is -4 - 345c0?
-345c4
In base 5, what is -3 - 1314123?
-1314131
In base 5, what is 331234022 + -1?
331234021
In base 7, what is 201 + -40?
131
In base 12, what is 1957 - 15?
1942
In base 16, what is -b663 + -d?
-b670
In base 9, what is 118143 + 6?
118150
In base 9, what is 2708 + -38?
2660
In base 10, what is 40531 - -3?
40534
In base 7, what is -1243500 + 6?
-1243461
In base 14, what is 492 + -dcd?
-93b
In base 3, what is -11 - -11021222202?
11021222121
In base 7, what is -110 + -6305?
-6415
In base 10, what is 0 + 30944?
30944
In base 10, what is -147486 - -19?
-147467
In base 13, what is -50 - -8?
-45
In base 2, what is -101000011010000 - 11?
-101000011010011
In base 10, what is -4 + 18501?
18497
In base 7, what is -5 + 26104?
26066
In base 3, what is -1101201200 - 2?
-1101201202
In base 4, what is 11 - 31003000?
-31002323
In base 14, what is 5 + -52a?
-525
In base 7, what is -5 - -55321?
55313
In base 7, what is 42140 - -33?
42203
In base 2, what is -101101110 - 111011111?
-1101001101
In base 4, what is -1303 + 31300?
23331
In base 13, what is 5 + -3c9a8?
-3c9a3
In base 10, what is -2 - 14889?
-14891
In base 3, what is 10122220212020 + 11?
10122220212101
In base 15, what is 3803 - -9?
380c
In base 8, what is 7 + -133206?
-133177
In base 10, what is 2341 - -106?
2447
In base 10, what is -34 + 35?
1
In base 6, what is -14113 - 11122?
-25235
In base 13, what is -9a1 + -49?
-a1a
In base 16, what is -138 + -d9?
-211
In base 15, what is -2 - 1bdba?
-1bdbc
In base 2, what is 10110110 - -101110111101?
110001110011
In base 9, what is 708 - 1863?
-1154
In base 12, what is -1481 + -7?
-1488
In base 5, what is -30342 + 323?
-30014
In base 16, what is -43 + -ebb?
-efe
In base 5, what is -1 + 3313?
3312
In base 5, what is 240 + 40210?
41000
In base 7, what is 4 + 116501?
116505
In base 13, what is -3 + 479b1?
479ab
In base 3, what is -220122000 - -2?
-220121221
In base 12, what is 3 - 19aa44?
-19aa41
In base 10, what is -118 - 978?
-1096
In base 9, what is 101 + 157?
258
In base 7, what is -335015 + 1?
-335014
In base 13, what is -2 - -12b997?
12b995
In base 7, what is 262 - 6263?
-6001
In base 6, what is 4035 + -21?
4014
In base 10, what is 2 + 327889?
327891
In base 9, what is 466 - -168?
645
In base 15, what is 635c - -3?
6360
In base 10, what is 81100 - -49?
81149
In base 2, what is 11101101010 + -1011011?
11100001111
In base 4, what is 2030003 + 1?
2030010
In base 12, what is -425 + -488?
-8b1
In base 12, what is 1 + -6ab6?
-6ab5
In base 14, what is ba + -24c?
-172
In base 5, what is -4 - -1042333?
1042324
In base 3, what is 11 + -212221020?
-212221002
In base 10, what is 4 + -10327?
-10323
In base 16, what is -cf - 1679?
-1748
In base 12, what is 38 - -1650?
1688
In base 10, what is 5